{"id":1814,"date":"2021-12-16T13:46:50","date_gmt":"2021-12-16T20:46:50","guid":{"rendered":"https:\/\/calvarynm.church\/espanol\/?page_id=1814"},"modified":"2021-12-16T13:54:00","modified_gmt":"2021-12-16T20:54:00","slug":"conectate","status":"publish","type":"page","link":"https:\/\/calvarynm.church\/espanol\/conectate\/","title":{"rendered":"CON\u00c9CTATE"},"content":{"rendered":"<div class=\"vce-row-container\"><div class=\"vce-row vce-row--col-gap-30 vce-row-no-paddings vce-row-content--top\" data-vce-full-width=\"true\" data-vce-stretch-content=\"true\" id=\"el-61b5ed17\" data-vce-do-apply=\"all el-61b5ed17\"><div class=\"vce-row-content\" data-vce-element-content=\"true\"><div class=\"vce-col vce-col--md-auto vce-col--xs-1 vce-col--xs-last vce-col--xs-first vce-col--sm-last vce-col--sm-first vce-col--md-last vce-col--lg-last vce-col--xl-last vce-col--md-first vce-col--lg-first vce-col--xl-first\" id=\"el-d06e7741\"><div class=\"vce-col-inner\" data-vce-do-apply=\"border margin background  el-d06e7741\"><div class=\"vce-col-content\" data-vce-element-content=\"true\" data-vce-do-apply=\"padding el-d06e7741\"><section class=\"vce-hero-section-container vce-hero-section-media--xs vce-hero-section-media--sm vce-hero-section-media--md vce-hero-section-media--lg vce-hero-section-media--xl\"><div class=\"vce vce-hero-section\" id=\"el-4ca8cfb7\" data-vce-do-apply=\"margin background border  el-4ca8cfb7\"><div class=\"vce-hero-section--wrap-row vce-hero-section--background-position-center-center\" style=\"background-image: url('https:\/\/calvarynm.church\/nob-hill\/wp-content\/uploads\/sites\/3\/2020\/05\/Hero-Give.jpg');\"><div class=\"vce-hero-section--wrap\"><div class=\"vce-hero-section--content\" data-vce-do-apply=\"padding el-4ca8cfb7\"><div class=\"vce-hero-section--content-container\"><h1>CON\u00c9CTATE<\/h1><\/div><\/div><\/div><\/div><\/div><\/section><\/div><\/div><\/div><\/div><\/div><\/div><div class=\"vce-row-container\" data-vce-boxed-width=\"true\"><div class=\"vce-row vce-row--col-gap-30 vce-row-content--top\" id=\"el-855d8fea\" data-vce-do-apply=\"all el-855d8fea\"><div class=\"vce-row-content\" data-vce-element-content=\"true\"><div class=\"vce-col vce-col--md-auto vce-col--xs-1 vce-col--xs-last vce-col--xs-first vce-col--sm-last vce-col--sm-first vce-col--md-last vce-col--lg-last vce-col--xl-last vce-col--md-first vce-col--lg-first vce-col--xl-first\" id=\"el-317fa6d4\"><div class=\"vce-col-inner\" data-vce-do-apply=\"border margin background  el-317fa6d4\"><div class=\"vce-col-content\" data-vce-element-content=\"true\" data-vce-do-apply=\"padding el-317fa6d4\"><\/div><\/div><\/div><\/div><\/div><\/div><div class=\"vce-row-container\" data-vce-boxed-width=\"true\"><div class=\"vce-row vce-row--col-gap-30 vce-row-content--top\" id=\"el-80b02a9b\" data-vce-do-apply=\"all el-80b02a9b\"><div class=\"vce-content-background-container\"><\/div><div class=\"vce-row-content\" data-vce-element-content=\"true\"><div class=\"vce-col vce-col--md-36-72p vce-col--xs-1 vce-col--xs-last vce-col--xs-first vce-col--sm-last vce-col--sm-first vce-col--md-first vce-col--lg-first vce-col--xl-first\" id=\"el-2ac0eb49\"><div class=\"vce-col-inner\" data-vce-do-apply=\"border margin background  el-2ac0eb49\"><div class=\"vce-col-content\" data-vce-element-content=\"true\" data-vce-do-apply=\"padding el-2ac0eb49\"><\/div><\/div><\/div><div class=\"vce-col vce-col--md-63-23p vce-col--xs-1 vce-col--xs-last vce-col--xs-first vce-col--sm-last vce-col--sm-first vce-col--md-last vce-col--lg-last vce-col--xl-last\" id=\"el-6ebc36ea\"><div class=\"vce-col-inner\" data-vce-do-apply=\"border margin background  el-6ebc36ea\"><div class=\"vce-col-content\" data-vce-element-content=\"true\" data-vce-do-apply=\"padding el-6ebc36ea\"><div class=\"vce-text-block\"><div class=\"vce-text-block-wrapper vce\" id=\"el-69909dae\" data-vce-do-apply=\"all el-69909dae\"><h1 style=\"text-align: left;\">MORE WAYS TO GIVE<\/h1><br>Through our <a href=\"\/nob-hill\/app\/\"><span style=\"color: #c17c32;\">Mobile App<\/span><\/a><\/div><\/div><\/div><\/div><\/div><\/div><\/div><\/div><div class=\"vce-row-container\" data-vce-boxed-width=\"true\"><div class=\"vce-row vce-row--col-gap-30 vce-row-equal-height vce-row-content--top\" id=\"el-5e6dc737\" data-vce-do-apply=\"all el-5e6dc737\"><div class=\"vce-row-content\" data-vce-element-content=\"true\"><div class=\"vce-col vce-col--md-auto vce-col--xs-1 vce-col--xs-last vce-col--xs-first vce-col--sm-last vce-col--sm-first vce-col--md-last vce-col--lg-last vce-col--xl-last vce-col--md-first vce-col--lg-first vce-col--xl-first\" id=\"el-5ff9cd72\"><div class=\"vce-col-inner\" data-vce-do-apply=\"border margin background  el-5ff9cd72\"><div class=\"vce-col-content\" data-vce-element-content=\"true\" data-vce-do-apply=\"padding el-5ff9cd72\"><div class=\"vce vce-simple-contact-form-container vce-simple-contact-form--shape-rounded vce-simple-contact-form--outline-color-CECECE vce-simple-contact-form--background-color-fff vce-simple-contact-form--placeholder-color-DADADA vce-simple-contact-form--input-color-555555 vce-simple-contact-form--label-color-555555 vce-simple-contact-form--field-gaps-20\" data-vce-do-apply=\"all el-620b16f9\" id=\"el-620b16f9\" data-vce-simple-contact-form-subject=\"Con\u00e9ctate Form\"><form><div class=\"vce-simple-contact-form-confirmation-message\"><div class=\"vce-message-box vce vce-message-box-border--rounded vce-message-box-style--success\" id=\"el-e2ab3c88\" data-vce-do-apply=\"margin padding border background  el-e2ab3c88\"><div class=\"vce-message-box-inner\"><span class=\"vce-message-box-icon vcv-ui-icon-material vcv-ui-icon-material-check\"><\/span><span class=\"vce-message-box-text\"><p style=\"color: #ffffff;\">Thank you for your message. We will contact you back shortly - sit back and enjoy!<\/p><\/span><\/div><\/div><\/div><div class=\"vce-simple-contact-form-error-message\"><div class=\"vce-message-box vce vce-message-box-border--rounded vce-message-box-style--error\" id=\"el-50467698\" data-vce-do-apply=\"margin padding border background  el-50467698\"><div class=\"vce-message-box-inner\"><span class=\"vce-message-box-icon vcv-ui-icon-material vcv-ui-icon-material-close\"><\/span><span class=\"vce-message-box-text\"><p style=\"color: #ffffff;\">Failed to send message!<\/p><\/span><\/div><\/div><\/div><label class=\"vce-simple-contact-form--input-label\" for=\"vce-simple-form--name-620b16f9\">Nombre<\/label><input type=\"hidden\" name=\"vcv-source-id\" value=\"1814\"><input type=\"text\" required=\"\" id=\"vce-simple-form--name-620b16f9\" class=\"vce-simple-contact-form-input\" placeholder=\"Nombre\"><label class=\"vce-simple-contact-form--input-label\" for=\"vce-simple-form--email-620b16f9\">Correo Electr\u00f3nico<\/label><input type=\"email\" required=\"\" id=\"vce-simple-form--email-620b16f9\" class=\"vce-simple-contact-form-input\" placeholder=\"Correo Electr\u00f3nico\"><label class=\"vce-simple-contact-form--input-label\" for=\"vce-simple-form--message-620b16f9\">Mensaje<\/label><textarea required=\"\" id=\"vce-simple-form--message-620b16f9\" class=\"vce-simple-contact-form-textarea vce-simple-contact-form-input\" cols=\"30\" rows=\"10\" placeholder=\"Mensaje\"><\/textarea><div class=\"vce-button--style-basic-container vce-button--style-basic-container--align-left\"><span class=\"vce-button--style-basic-wrapper vce\" id=\"el-677ea5da\" data-vce-do-apply=\"margin el-677ea5da\"><button class=\"vce-button--style-basic vce-button--style-basic--border-rounded vce-button--style-basic--size-medium vce-button--style-basic--color-b-224-33-27--fff\" data-vce-do-apply=\"padding border background  el-677ea5da\">Enviar<\/button><\/span><\/div><\/form><\/div><\/div><\/div><\/div><\/div><\/div><\/div>\n","protected":false},"excerpt":{"rendered":"<p>CON\u00c9CTATEMORE WAYS TO GIVEThrough our Mobile AppThank you for your message. We will contact you back shortly &#8211; sit back and enjoy!Failed to send message!NombreCorreo Electr\u00f3nicoMensajeEnviar<\/p>\n","protected":false},"author":8,"featured_media":0,"parent":0,"menu_order":0,"comment_status":"closed","ping_status":"closed","template":"","meta":{"_acf_changed":false,"_monsterinsights_skip_tracking":false,"_monsterinsights_sitenote_active":false,"_monsterinsights_sitenote_note":"","_monsterinsights_sitenote_category":0,"footnotes":""},"class_list":["post-1814","page","type-page","status-publish","hentry"],"acf":[],"yoast_head":"<!-- This site is optimized with the Yoast SEO plugin v27.3 - https:\/\/yoast.com\/product\/yoast-seo-wordpress\/ -->\n<title>CON\u00c9CTATE - Calvary Church | Espa\u00f1ol<\/title>\n<meta name=\"robots\" content=\"index, follow, max-snippet:-1, max-image-preview:large, max-video-preview:-1\" \/>\n<link rel=\"canonical\" href=\"https:\/\/calvarynm.church\/espanol\/conectate\/\" \/>\n<meta property=\"og:locale\" content=\"en_US\" \/>\n<meta property=\"og:type\" content=\"article\" \/>\n<meta property=\"og:title\" content=\"CON\u00c9CTATE - Calvary Church | Espa\u00f1ol\" \/>\n<meta property=\"og:description\" content=\"CON\u00c9CTATEMORE WAYS TO GIVEThrough our Mobile AppThank you for your message. We will contact you back shortly - sit back and enjoy!Failed to send message!NombreCorreo Electr\u00f3nicoMensajeEnviar\" \/>\n<meta property=\"og:url\" content=\"https:\/\/calvarynm.church\/espanol\/conectate\/\" \/>\n<meta property=\"og:site_name\" content=\"Calvary Church | Espa\u00f1ol\" \/>\n<meta property=\"article:modified_time\" content=\"2021-12-16T20:54:00+00:00\" \/>\n<meta name=\"twitter:card\" content=\"summary_large_image\" \/>\n<script type=\"application\/ld+json\" class=\"yoast-schema-graph\">{\"@context\":\"https:\\\/\\\/schema.org\",\"@graph\":[{\"@type\":\"WebPage\",\"@id\":\"https:\\\/\\\/calvarynm.church\\\/espanol\\\/conectate\\\/\",\"url\":\"https:\\\/\\\/calvarynm.church\\\/espanol\\\/conectate\\\/\",\"name\":\"CON\u00c9CTATE - Calvary Church | Espa\u00f1ol\",\"isPartOf\":{\"@id\":\"https:\\\/\\\/calvarynm.church\\\/espanol\\\/#website\"},\"datePublished\":\"2021-12-16T20:46:50+00:00\",\"dateModified\":\"2021-12-16T20:54:00+00:00\",\"breadcrumb\":{\"@id\":\"https:\\\/\\\/calvarynm.church\\\/espanol\\\/conectate\\\/#breadcrumb\"},\"inLanguage\":\"en-US\",\"potentialAction\":[{\"@type\":\"ReadAction\",\"target\":[\"https:\\\/\\\/calvarynm.church\\\/espanol\\\/conectate\\\/\"]}]},{\"@type\":\"BreadcrumbList\",\"@id\":\"https:\\\/\\\/calvarynm.church\\\/espanol\\\/conectate\\\/#breadcrumb\",\"itemListElement\":[{\"@type\":\"ListItem\",\"position\":1,\"name\":\"Home\",\"item\":\"https:\\\/\\\/calvarynm.church\\\/espanol\\\/\"},{\"@type\":\"ListItem\",\"position\":2,\"name\":\"CON\u00c9CTATE\"}]},{\"@type\":\"WebSite\",\"@id\":\"https:\\\/\\\/calvarynm.church\\\/espanol\\\/#website\",\"url\":\"https:\\\/\\\/calvarynm.church\\\/espanol\\\/\",\"name\":\"Calvary Church | Espa\u00f1ol\",\"description\":\"\",\"publisher\":{\"@id\":\"https:\\\/\\\/calvarynm.church\\\/espanol\\\/#organization\"},\"potentialAction\":[{\"@type\":\"SearchAction\",\"target\":{\"@type\":\"EntryPoint\",\"urlTemplate\":\"https:\\\/\\\/calvarynm.church\\\/espanol\\\/?s={search_term_string}\"},\"query-input\":{\"@type\":\"PropertyValueSpecification\",\"valueRequired\":true,\"valueName\":\"search_term_string\"}}],\"inLanguage\":\"en-US\"},{\"@type\":\"Organization\",\"@id\":\"https:\\\/\\\/calvarynm.church\\\/espanol\\\/#organization\",\"name\":\"Calvary Church | Espa\u00f1ol\",\"url\":\"https:\\\/\\\/calvarynm.church\\\/espanol\\\/\",\"logo\":{\"@type\":\"ImageObject\",\"inLanguage\":\"en-US\",\"@id\":\"https:\\\/\\\/calvarynm.church\\\/espanol\\\/#\\\/schema\\\/logo\\\/image\\\/\",\"url\":\"https:\\\/\\\/calvarynm.church\\\/espanol\\\/wp-content\\\/uploads\\\/sites\\\/5\\\/2018\\\/11\\\/logo-header.png\",\"contentUrl\":\"https:\\\/\\\/calvarynm.church\\\/espanol\\\/wp-content\\\/uploads\\\/sites\\\/5\\\/2018\\\/11\\\/logo-header.png\",\"width\":399,\"height\":126,\"caption\":\"Calvary Church | Espa\u00f1ol\"},\"image\":{\"@id\":\"https:\\\/\\\/calvarynm.church\\\/espanol\\\/#\\\/schema\\\/logo\\\/image\\\/\"}}]}<\/script>\n<!-- \/ Yoast SEO plugin. -->","yoast_head_json":{"title":"CON\u00c9CTATE - Calvary Church | Espa\u00f1ol","robots":{"index":"index","follow":"follow","max-snippet":"max-snippet:-1","max-image-preview":"max-image-preview:large","max-video-preview":"max-video-preview:-1"},"canonical":"https:\/\/calvarynm.church\/espanol\/conectate\/","og_locale":"en_US","og_type":"article","og_title":"CON\u00c9CTATE - Calvary Church | Espa\u00f1ol","og_description":"CON\u00c9CTATEMORE WAYS TO GIVEThrough our Mobile AppThank you for your message. We will contact you back shortly - sit back and enjoy!Failed to send message!NombreCorreo Electr\u00f3nicoMensajeEnviar","og_url":"https:\/\/calvarynm.church\/espanol\/conectate\/","og_site_name":"Calvary Church | Espa\u00f1ol","article_modified_time":"2021-12-16T20:54:00+00:00","twitter_card":"summary_large_image","schema":{"@context":"https:\/\/schema.org","@graph":[{"@type":"WebPage","@id":"https:\/\/calvarynm.church\/espanol\/conectate\/","url":"https:\/\/calvarynm.church\/espanol\/conectate\/","name":"CON\u00c9CTATE - Calvary Church | Espa\u00f1ol","isPartOf":{"@id":"https:\/\/calvarynm.church\/espanol\/#website"},"datePublished":"2021-12-16T20:46:50+00:00","dateModified":"2021-12-16T20:54:00+00:00","breadcrumb":{"@id":"https:\/\/calvarynm.church\/espanol\/conectate\/#breadcrumb"},"inLanguage":"en-US","potentialAction":[{"@type":"ReadAction","target":["https:\/\/calvarynm.church\/espanol\/conectate\/"]}]},{"@type":"BreadcrumbList","@id":"https:\/\/calvarynm.church\/espanol\/conectate\/#breadcrumb","itemListElement":[{"@type":"ListItem","position":1,"name":"Home","item":"https:\/\/calvarynm.church\/espanol\/"},{"@type":"ListItem","position":2,"name":"CON\u00c9CTATE"}]},{"@type":"WebSite","@id":"https:\/\/calvarynm.church\/espanol\/#website","url":"https:\/\/calvarynm.church\/espanol\/","name":"Calvary Church | Espa\u00f1ol","description":"","publisher":{"@id":"https:\/\/calvarynm.church\/espanol\/#organization"},"potentialAction":[{"@type":"SearchAction","target":{"@type":"EntryPoint","urlTemplate":"https:\/\/calvarynm.church\/espanol\/?s={search_term_string}"},"query-input":{"@type":"PropertyValueSpecification","valueRequired":true,"valueName":"search_term_string"}}],"inLanguage":"en-US"},{"@type":"Organization","@id":"https:\/\/calvarynm.church\/espanol\/#organization","name":"Calvary Church | Espa\u00f1ol","url":"https:\/\/calvarynm.church\/espanol\/","logo":{"@type":"ImageObject","inLanguage":"en-US","@id":"https:\/\/calvarynm.church\/espanol\/#\/schema\/logo\/image\/","url":"https:\/\/calvarynm.church\/espanol\/wp-content\/uploads\/sites\/5\/2018\/11\/logo-header.png","contentUrl":"https:\/\/calvarynm.church\/espanol\/wp-content\/uploads\/sites\/5\/2018\/11\/logo-header.png","width":399,"height":126,"caption":"Calvary Church | Espa\u00f1ol"},"image":{"@id":"https:\/\/calvarynm.church\/espanol\/#\/schema\/logo\/image\/"}}]}},"_links":{"self":[{"href":"https:\/\/calvarynm.church\/espanol\/wp-json\/wp\/v2\/pages\/1814","targetHints":{"allow":["GET"]}}],"collection":[{"href":"https:\/\/calvarynm.church\/espanol\/wp-json\/wp\/v2\/pages"}],"about":[{"href":"https:\/\/calvarynm.church\/espanol\/wp-json\/wp\/v2\/types\/page"}],"author":[{"embeddable":true,"href":"https:\/\/calvarynm.church\/espanol\/wp-json\/wp\/v2\/users\/8"}],"replies":[{"embeddable":true,"href":"https:\/\/calvarynm.church\/espanol\/wp-json\/wp\/v2\/comments?post=1814"}],"version-history":[{"count":0,"href":"https:\/\/calvarynm.church\/espanol\/wp-json\/wp\/v2\/pages\/1814\/revisions"}],"wp:attachment":[{"href":"https:\/\/calvarynm.church\/espanol\/wp-json\/wp\/v2\/media?parent=1814"}],"curies":[{"name":"wp","href":"https:\/\/api.w.org\/{rel}","templated":true}]}}